 + 3*n + 10. Let c be s(-5). Suppose -3*o + 59 = y - o, 0 = y - c*o - 34. What is the tens digit of y?
4
Suppose v = 1, -3*x + 5*v + 2315 = -3641. What is the tens digit of x?
8
Suppose 43*f = 18029 - 3667. What is the hundreds digit of f?
3
Let z = 13 - 25. Let p(v) = -v**3 - 4*v**2 - 4*v + 6. Let s be p(-4). Let t = s + z. What is the tens digit of t?
1
What is the tens digit of (-16*(168 - 1))/(-2 + 0)?
3
Suppose 0 = 5*s - 5*j - 45, -5*j + 2 = 12. Suppose -5*o = -s*o + 130. What is the tens digit of o?
6
Let n be (-9)/(-12) - 26/(-8). Suppose -k = n - 6. Suppose -17 = -y - 2*a - k, -2*y - 5*a = -25. What is the units digit of y?
5
Let k be 2 + (-1 + -2 - -2). Let m = k - 7. Let u = m - -10. What is the units digit of u?
4
Let z(w) = -w**2 + 4*w - 5. Let r be z(5). Let b(p) = p**2 + p - 7. What is the tens digit of b(r)?
8
Let c be 6/(-2)*(-8)/(-12). Let q be (-20)/(-10) - 2*c. Suppose q*x = x + 110. What is the units digit of x?
2
Let t(y) = 3*y**3 + 8*y**2 + 6*y + 7. Let l be t(-5). What is the hundreds digit of -9 + 9 + (2 - l)?
2
Suppose -17*p - 3570 = -52*p. What is the hundreds digit of p?
1
What is the hundreds digit of 105519/119 + 4/14?
8
Let w(k) = -k + 0*k + 2 + k - k. Let q be w(1). Let y = q + 5. What is the units digit of y?
6
Suppose -2*x = -4*w + 1512, -8*w - 3*x = -10*w + 756. What is the tens digit of w?
7
What is the tens digit of 617 + 10 + (1 + 5)/2?
3
Let u = 878 - 702. What is the tens digit of u?
7
Suppose -30*z - 35 = -25*z. Let f be (-16)/z + (-10)/35. Suppose -18 = -f*u + 4*g, 0*g = 5*g - 15. What is the units digit of u?
5
Let n = 5604 - 3715. What is the hundreds digit of n?
8
Let x = 341 + 254. What is the tens digit of x?
9
Suppose -5*h + 2*o + 3802 = 0, 3357 = 5*h - 5*o - 448. What is the units digit of h?
0
Let v = 35 - 30. Suppose v*q - 353 + 13 = 0. What is the tens digit of q?
6
Suppose 0 = -10*y + 10007 + 1153. What is the hundreds digit of y?
1
Let y be (-9)/(-2)*(-84)/(-189). Let z be (38/(-57))/(y/1542). What is the units digit of z/(-14) + (-14)/(-49)?
7
Suppose 16*n - 18407 = 6217. What is the units digit of n?
9
Let d be -39*(3 + -3 + 1). Let y be d*2*(-2)/4. Suppose -y = 3*w - 6*w. What is the tens digit of w?
1
Let f = 207 - 144. What is the units digit of f?
3
Let m(v) = -2*v**3 + 38*v**2 + 21*v - 77. What is the units digit of m(13)?
4
What is the tens digit of 57/38*1138/3?
6
Suppose -17*j + 2 = -18*j. What is the units digit of ((-23)/(-4)*j)/(5/(-60))?
8
Suppose 380 = 3*d + 1286. Let c be (-2)/(-9) + d/(-18). Suppose j = -0 + c. What is the units digit of j?
7
Let n be (-8)/12 - 100/(-15). Suppose -n*f + 8*f = 102. Suppose -2*w + w + f = 0. What is the units digit of w?
1
Let c = 30 + -28. Suppose 5*y + 150 = 3*r + c*y, -3*y = -5*r + 252. What is the tens digit of r?
5
Let p(t) = -93*t - 44. What is the units digit of p(-21)?
9
Let s = 7 + -3. Let o(m) = 2*m**3 + m**2 + 6*m - 2. What is the units digit of o(s)?
6
Suppose -60 = -f + 6*f. Let v = f + 12. Suppose 2*b - 5*s - 58 = v, b - 2*s + 10 = 39. What is the tens digit of b?
2
Let u(m) = -2*m**2 - 23*m + 25. What is the units digit of u(0)?
5
Let s(p) = -p**3 - 6*p + 39. What is the tens digit of s(0)?
3
Let a = 74 + -78. Let x(l) = l**2 - 6*l + 7. Let d be x(7). What is the units digit of a/1*d/(-28)?
2
Let a = 39 + -31. Let h be ((-12)/a)/((-3)/112). Suppose 3*s + 4*s = h. What is the units digit of s?
8
Let j(m) = -m**3 - 8*m**2 + 5*m - 13. Let q be j(-10). Let l = q + -4. What is the hundreds digit of l?
1
Suppose 0 = 7*w - 1440 - 11398. What is the units digit of w?
4
Let b be (-3)/2*296/12. Let s = b + 27. What is the units digit of s/(-4)*(8 + -2)?
5
Suppose 2*k + 3 = 3*k. Suppose -y = k*y - 64. What is the tens digit of y?
1
Let w be (-6)/(-9)*-1*3. Let s(v) = -8*v**3 - 2*v**2 + 2*v + 1. Let a be s(w). Let z = -19 + a. What is the tens digit of z?
3
Let g = -2393 - -7322. What is the units digit of g?
9
Let x be (1 + -733)*4*(-2)/16. Let a = x - 174. What is the hundreds digit of a?
1
Suppose 12*l + 2*i - 8948 = 7*l, i + 1784 = l. What is the hundreds digit of l?
7
Suppose -3*u - 13 = -58. Suppose u = 4*m - 13. What is the units digit of m?
7
Let d = -45 + 29. Let t = -22 - d. What is the units digit of 268/6 + (-2)/t?
5
Suppose 3*t - 230 - 253 = 0. What is the tens digit of t + -18 - (0 - (1 + 1))?
4
Suppose -47 = b - z - 147, 2*z - 465 = -5*b. What is the units digit of b?
5
Suppose -5*g - 5*t = -2*g - 5265, 4*g - 6991 = 3*t. What is the units digit of g?
0
Let q(y) = 388*y - 136. What is the units digit of q(4)?
6
Suppose 2*s + j - 82 = 136, 3*s - 5*j = 314. What is the units digit of s?
8
What is the tens digit of 9/(189/(-6)) - 30750/(-21)?
6
Let i be (2/4)/((-12)/(-24)). Suppose -2 = -c + i. Suppose c*t = 139 - 19. What is the tens digit of t?
4
Suppose -6*t + 2*t + 242 = 5*y, 5*y + 2*t = 236. What is the tens digit of (0/(-1))/4 - y*-4?
8
Suppose -16*p + 6488 = -232. What is the hundreds digit of p?
4
Let j(y) = 2*y**2 - 4*y + 3. Suppose -f = -6*f + 2*o + 103, -5*o = 3*f - 68. Suppose -30 = -26*u + f*u. What is the units digit of j(u)?
1
Let n(k) = 3*k**3 - 26*k**2 + 10*k + 57. What is the tens digit of n(11)?
1
Suppose -3*f - 2*l = 31, -7*l = -4*f - 4*l - 13. What is the hundreds digit of (-1104)/f + 16/56?
1
Let b = -60 - -35. Let s = b - -79. What is the units digit of s?
4
Suppose -5*u + 2*g - g + 397 = 0, -2*u = 2*g - 166. Suppose 0 = 2*y - u + 26. Suppose -p = 2*p - y. What is the units digit of p?
9
Let s(a) = -2*a + 5. Let o = -15 - -22. Let m be s(o). What is the tens digit of 2/m + (-3036)/(-54)?
5
Suppose 29*t + 11220 = 33*t. Suppose 9*j = 24*j - t. What is the tens digit of j?
8
Let c(v) be the first derivative of v**3/3 - v**2/2 + 9*v - 8. Let s be c(0). Suppose -5*r + 119 = 3*n, -4*r + s*r - 20 = 0. What is the tens digit of n?
3
Suppose 2*b + 51 = 5*y, 0*y - 2*y + 2*b = -24. Let m(d) = 6*d + 6*d + d - 7*d + y. What is the tens digit of m(4)?
3
Let f(t) = 6*t + 43. Let n be f(-6). Suppose m = 77 - n. What is the tens digit of m?
7
Suppose 200 = -2*n - 0*n. Let o(f) = f**2 + f - 65. Let k be o(0). Let i = k - n. What is the units digit of i?
5
Let d = 14 - 10. Suppose s - d = -0. Suppose 5*n = 5*w - 85, 2*n = s*w - 65 - 13. What is the units digit of w?
2
Let t(y) = -y**3 + 43*y**2 + 53*y + 102. What is the tens digit of t(44)?
9
Let c(y) = 5*y**2 + 61*y - 9. Let b(x) = -x**2 - 12*x + 2. Let o(l) = -11*b(l) - 2*c(l). Let j be o(-10). What is the units digit of (-93 - -3)/(-2) - j?
9
Suppose 0*t + 2*t = 3*u - 979, -5*t + 659 = 2*u. Let z = u + -186. What is the tens digit of z?
4
Suppose -3*o = -p - 40, -85 = -5*o - 2*p - 11. What is the units digit of (1 - 0 - -23)*(o + -12)?
8
Suppose -2*a = -51 + 389. Let t = 120 + a. Let w = 15 - t. What is the tens digit of w?
6
Let g = -717 - -259. Let s = 649 + g. What is the hundreds digit of s?
1
Let r = 12 + -9. Suppose r = q - 3. Let f = 16 - q. What is the tens digit of f?
1
Suppose 5*h + 2*d + 3 = 0, -3 = -5*d + 2. Let p be 13 + 2 + h + 1. What is the units digit of 1/(-5) - (-348)/p?
3
Suppose 384*q + 4896 = 402*q. What is the hundreds digit of q?
2
Let x(s) = 2*s**2 + 9*s - 86. What is the units digit of x(-24)?
0
Let x(v) = -v**3 - 41*v**2 - 4*v + 43. What is the units digit of x(-42)?
5
Let s = 180 + -107. Let x = 43 - s. What is the units digit of 3/(-3 + (-92)/x)?
5
Suppose 0 = 11*s - 19439 + 3291. What is the units digit of s?
8
Suppose 4*w = 10*w - 18. Suppose -5*c + 537 - 134 = n, 0 = w*c - 5*n - 225. What is the tens digit of c?
8
Let h(k) = 352*k**3 + k**2 - 2. What is the units digit of h(1)?
1
Let t be -3*3 - (-4 - -1). Let n(y) = -4 + 2*y + y**2 - y**2 + y**2. What is the tens digit of n(t)?
2
Suppose -19 = -4*h + 17. Suppose -a = -h - 38. What is the tens digit of a?
4
What is the tens digit of 526 - (0 - (-1 - 3))?
2
Suppose -b = -2*b + 4. Suppose -b*n + 235 = -3*v, -2*n + 111 = 4*v + v. What is the units digit of n?
8
Let u(v) = 18*v**3 + 8*v**2 - 15*v + 5. What is the units digit of u(2)?
1
Let x(o) = -19*o + 56. What is the hundreds digit of x(-5)?
1
Suppose -4*q + 33 = 2*d - 89, 5*d - 5*q = 245. Let k = -25 + d. What is the units digit of k?
8
Let f be (-13)/((-26)/396)*(-8)/(-6). Suppose -9*g = -6*g - f. What is the units digit of g?
8
Let r 